6. Suppose -6 = -l*g + 14. Suppose -q = -0 - g. What are the prime factors of q?
5
Suppose p - 2*p = 6*p. Suppose 7*n - 4*n - 143 = -4*s, -2*s + 4*n + 88 = p. What are the prime factors of s?
2, 19
Let t(k) = -133*k**3 + 2*k - 1. Let y be t(1). List the prime factors of (-2 + 6)*y/(-48).
11
Let a = 1071 - -108. List the prime factors of a.
3, 131
Let p = 3074 - 2664. List the prime factors of p.
2, 5, 41
Let q = -62 - -64. Suppose -102 = -q*d + 194. What are the prime factors of d?
2, 37
Let i(n) be the third derivative of -n**5/60 + 7*n**4/24 - n**3/3 + 7*n**2. Let a be i(5). Suppose 4*g - a*g + 232 = 0. What are the prime factors of g?
2, 29
Suppose -369 = -x + 3. Let l = -143 + x. What are the prime factors of l?
229
Let a = -8 - -10. Suppose a*d = -p + 5*p - 42, 4*p = -4*d - 24. Let s = d - -15. List the prime factors of s.
2
Let n(u) = u - 1. Let d be n(3). Suppose 12 = c + 5*i - 3, 2*i - 19 = -3*c. Suppose 4 = s - j - 3, 0 = -c*s + d*j + 35. List the prime factors of s.
7
Let r(q) = -q**3 + 28*q**2 - 27*q - 32. Let z be r(27). Let a = z - -69. List the prime factors of a.
37
Let i = -13 - -15. Suppose -2*z + 5*w = 2*z + 1014, 0 = 3*z - i*w + 757. What are the prime factors of (-4)/(-22) + z/(-11)?
23
Let w be 4 - 0/3 - 4. Suppose w = -v + 75 - 5. What are the prime factors of v?
2, 5, 7
Let m(h) = h**3 - 6*h**2 + 8*h - 10. Let o be m(9). Suppose 3*j - 2*r - o = 0, 2*j - 214 = r - 10. What are the prime factors of j?
103
Suppose 0 = 2*s + 2*q - 12, -8 = -s - 2*q - 4. Suppose 7*f - 3 = s*f. What are the prime factors of (f + 2)*-53 - 3?
2, 5
Let i(f) = f**3 + 8*f**2 + f + 10. Let s(w) = -2*w**3 - 16*w**2 - 2*w - 21. Let b(j) = 9*i(j) + 4*s(j). List the prime factors of b(-5).
2, 19
Suppose a + 3 = 4*a. Let w(n) = 3*n**3 - 6*n + n**2 - 7*n + 21*n**3 + 12*n. What are the prime factors of w(a)?
2, 3
Let g(v) = -7*v**3 - 10*v**2 + 13*v - 8. List the prime factors of g(-8).
2, 3, 59
Let b(x) = 27*x - 296. What are the prime factors of b(22)?
2, 149
Suppose -3*h + 7 = -8, -3*u - 2*h + 4 = 0. List the prime factors of 3509/55 + u/(-10).
2
Let z(w) = w**2 + 8*w - 4. Let i be z(-9). Suppose -i*l + 313 = 2*n + 39, 548 = 4*n - l. What are the prime factors of n?
137
Suppose -3*s - 1080 = 2*s. Let n = 343 + s. Let g = n + -91. List the prime factors of g.
2, 3
Let f be 790/(-50) - (-1)/(-5). Let z = -16 - f. Suppose 3*j + j - 184 = z. List the prime factors of j.
2, 23
Suppose -16*d - 100 = -11*d. List the prime factors of (-5)/d + (-117)/(-12).
2, 5
What are the prime factors of 2/((-16)/4)*-55*58?
5, 11, 29
Let u = -7 + -326. What are the prime factors of 6/8 + u/(-4)?
2, 3, 7
Suppose -322*l = -317*l - 7605. What are the prime factors of l?
3, 13
Let b(i) = i - 3. Let k be b(6). Suppose -2*l = -k*l + 1. What are the prime factors of 1 + l*4/2?
3
Let r = 77 - 73. Suppose -w + 1108 = r*v, 0*v = v + 3*w - 266. List the prime factors of v.
2, 139
Let t(a) = 4*a + 57. Suppose -u + 0 = -0. What are the prime factors of t(u)?
3, 19
List the prime factors of 617/4 + -2*(-2)/(-16).
2, 7, 11
Let k(f) = 4*f. Let z be k(1). Suppose 0 = 3*d - 0*x - 2*x - 494, -652 = -4*d + z*x. What are the prime factors of d?
2, 3, 7
Let d = -45 + 8. Let v = d - -97. What are the prime factors of v?
2, 3, 5
Let s(j) = -j**3 - 5*j**2 - 4*j + 9. Let k(g) = -14 - 2*g**2 + 5 + 6*g**2 + 10*g + g**3 - 6*g. Let q(c) = -5*k(c) - 6*s(c). What are the prime factors of q(-9)?
2, 3
Suppose -30*l = -6*l - 64560. List the prime factors of l.
2, 5, 269
Suppose 3*q + 5*u + 5 - 52 = 0, 0 = 5*q - u - 41. Let n = q + -5. Suppose 0 = -3*f + 43 - n. List the prime factors of f.
13
Suppose -11 = -4*o + 9*x - 6*x, -5*x + 3 = 4*o. Suppose 3*c = 4*w - 2*c - 668, -o*w - 5*c = -304. List the prime factors of w.
2, 3
Let c(x) = -x**3 - 13*x**2 - 13*x + 3. Let i = -16 - -4. Let h be c(i). Suppose 0 = 4*n + h - 151. What are the prime factors of n?
2, 17
Let x(t) = t**2 + 10*t + 2. Let o be x(-10). Suppose 2*u = 3*u - o. Let b(z) = 20*z - 3. List the prime factors of b(u).
37
Let z = 3305 + -637. List the prime factors of z.
2, 23, 29
Let c = -13 + 13. Suppose -5*b + 4*b - 4 = c. Let y(z) = -6*z + 3. List the prime factors of y(b).
3
Let b be 6/(-10) - 33/(-5). Let z be (0 - 1)/((-2)/b). Let f(w) = 10*w - 4. List the prime factors of f(z).
2, 13
Let c(h) = h - 9. Let x be c(9). Let l be (-3 - x)*22/3. Let p = 3 - l. What are the prime factors of p?
5
Suppose f - 109 + 15 = 0. Let x = f + -48. What are the prime factors of x?
2, 23
Let z(g) be the second derivative of 5*g**4/12 - g**3 + 7*g**2 + 5*g. Let l be z(7). List the prime factors of l/7 + (3 - 1).
3, 11
Suppose 20*s = -5*s + 1875. What are the prime factors of s?
3, 5
Suppose 5*t - 4*a - 120 = -8*a, 5*t + 2*a = 110. Suppose -23 - t = -i. List the prime factors of i.
43
Suppose 242 = 8*a - 118. What are the prime factors of a?
3, 5
Suppose 5*p - 3*k - 794 = 0, 7*p - 650 = 3*p - 5*k. What are the prime factors of p?
2, 5
Suppose -28*h = -31*h + 357. Suppose -13*b + 717 = h. List the prime factors of b.
2, 23
Let d(x) = -x - 7. Let v be d(-7). Suppose v = 3*i - 289 - 8. What are the prime factors of (-1)/4 - i/(-12)?
2
Let r be 148/4 - (-2 - -4). Suppose 0*b - 11 = -3*b - y, -5*b - 5*y + r = 0. Suppose 1 = b*q + 5, 4*n - 3*q - 66 = 0. List the prime factors of n.
3, 5
Let p(w) = -2*w + 4. Let k be p(6). Let s(g) = -g**3 + 2*g + 33. Let z be s(0). Let n = k + z. What are the prime factors of n?
5
What are the prime factors of (-4)/11*-11 - (-1 - 83)?
2, 11
Let z(j) = j**3 + 4*j**2 - 6*j - 4. Let o be z(-5). Let h be (-1 + 4 - 0)/o. List the prime factors of -1 + h + 54 + 2.
2, 29
Let h = 5916 - 3986. List the prime factors of h.
2, 5, 193
Let t(m) = -2 - m**2 + 5*m**2 + 5*m - 5 - m**3. Let d be ((-6)/(-5))/(-3 - 165/(-50)). What are the prime factors of t(d)?
13
Suppose 27836 = 28*t - 32756. List the prime factors of t.
2, 541
Let u = 956 - 56. What are the prime factors of u?
2, 3, 5
Suppose -4*m + 10 = -78. Let w = 35 - m. What are the prime factors of w?
13
Suppose -5*s - 2*h - 280 = -3*h, 2*s - 5*h + 89 = 0. Let n = s - -97. List the prime factors of n.
2, 5
Let m be -1*2 + 2 + 5. Suppose -m*z + 15 = -15. Suppose 0 = y - 2*y + z. What are the prime factors of y?
2, 3
Let f(d) = -23*d**2 - 3*d. Let y(k) = 24*k**2 + 3*k. Let x(s) = 5*f(s) + 6*y(s). List the prime factors of x(-2).
2, 5, 11
Suppose 3*x = 7*x. Suppose x = -6*d + 4*d + 8. Suppose -j - 69 = -d*j. List the prime factors of j.
23
What are the prime factors of 624 + (-8 + 11)*-1?
3, 23
Let j(m) = m**3 + 38*m**2 + 40*m + 142. List the prime factors of j(-37).
31
Suppose -4*f + 677 = 3*g, -2*g = -3*f - 0*f + 529. Let r = -116 + f. List the prime factors of r.
3, 19
List the prime factors of (552/(-10) - -6)/(2/(-5)).
3, 41
Suppose 0 = 5*t - 6*t + 1101. List the prime factors of t.
3, 367
Let s(v) = -5*v - 19. Let i be s(-18). Suppose -5*p + i = -19. What are the prime factors of p?
2, 3
Let g(v) = -4*v**3 + 3*v**2 - 2*v + 1. What are the prime factors of g(-3)?
2, 71
Suppose 4*l + i - 1772 = -184, 0 = -4*i. What are the prime factors of l?
397
Let k(u) = u + 1. Let s(w) = 8*w + 10. Let t(h) = -4*k(h) - s(h). Let q be t(-6). Suppose 11 = -a + q. What are the prime factors of a?
47
Suppose -4*w = -3*w - 12. Let r = -17 + w. Let l = r - -9. What are the prime factors of l?
2
Suppose 0 = h - 421 - 110. What are the prime factors of h?
3, 59
Let v be (-72)/(-48)*(-22)/(-3). List the prime factors of (v/(110/(-925)))/((-2)/4).
5, 37
Suppose q + 4*q = -20. What are the prime factors of (-450)/(-27)*(-30)/q?
5
Suppose -12*c = 2 - 50. Suppose -c*h - 78 = -5*h. List the prime factors of h.
2, 3, 13
Suppose 9*p - 34 - 29 = 0. Suppose p*g - 10*g = -195. List the prime factors of g.
5, 13
Suppose 3*f + 9 = -3*a, a = -2*a + 3*f + 21. Suppose d + 4*q - 75 = 0, 0 = -4*d - a*q - q + 248. List the prime factors of d.
59
Let b = -42 - -98. Suppose -b - 8 = -3*z - w, 0 = -z + w + 20. Let t = z + 6. What are the prime factors of t?
3
Suppose -2*b = 4 + 20. Let o be (b/3 - 18) + 2. Let r = -8 - o. What are the prime factors of r?
2, 3
Let y(n) = n**2 - 7*n - 3. Let a be y(8). Suppose a = j + 4*j. Let g = 19 - j. List the prime factors of g.
2, 3
Let o = -30 + 39. Suppose -4*v = -o*v + 870. What are the prime fa